vided by 19.
14
What is the remainder when 27 is divided by 9?
0
What is the remainder when 326 is divided by 93?
47
What is the remainder when 416 is divided by 133?
17
What is the remainder when 1341 is divided by 43?
8
Calculate the remainder when 1692 is divided by 77.
75
Calculate the remainder when 319 is divided by 107.
105
Calculate the remainder when 152 is divided by 42.
26
Calculate the remainder when 35 is divided by 19.
16
What is the remainder when 907 is divided by 82?
5
What is the remainder when 347 is divided by 58?
57
What is the remainder when 35 is divided by 24?
11
What is the remainder when 240 is divided by 9?
6
What is the remainder when 551 is divided by 74?
33
What is the remainder when 224 is divided by 94?
36
Calculate the remainder when 453 is divided by 270.
183
What is the remainder when 64 is divided by 44?
20
What is the remainder when 5839 is divided by 99?
97
Calculate the remainder when 3434 is divided by 10.
4
What is the remainder when 39 is divided by 25?
14
What is the remainder when 328 is divided by 22?
20
What is the remainder when 14633 is divided by 54?
53
Calculate the remainder when 7754 is divided by 47.
46
Calculate the remainder when 674 is divided by 228.
218
What is the remainder when 300 is divided by 75?
0
Calculate the remainder when 2673 is divided by 7.
6
What is the remainder when 877 is divided by 281?
34
What is the remainder when 10029 is divided by 4?
1
What is the remainder when 64 is divided by 40?
24
Calculate the remainder when 30 is divided by 15.
0
What is the remainder when 6331 is divided by 1265?
6
Calculate the remainder when 645 is divided by 225.
195
What is the remainder when 965 is divided by 7?
6
Calculate the remainder when 181 is divided by 31.
26
Calculate the remainder when 638 is divided by 70.
8
What is the remainder when 126 is divided by 59?
8
Calculate the remainder when 38 is divided by 21.
17
Calculate the remainder when 238 is divided by 31.
21
Calculate the remainder when 1076 is divided by 47.
42
Calculate the remainder when 437 is divided by 20.
17
What is the remainder when 231 is divided by 40?
31
What is the remainder when 1897 is divided by 100?
97
What is the remainder when 92 is divided by 31?
30
What is the remainder when 131 is divided by 107?
24
Calculate the remainder when 129 is divided by 5.
4
What is the remainder when 776 is divided by 763?
13
Calculate the remainder when 12079 is divided by 114.
109
Calculate the remainder when 552 is divided by 110.
2
Calculate the remainder when 1502 is divided by 46.
30
What is the remainder when 1494 is divided by 14?
10
What is the remainder when 51 is divided by 11?
7
Calculate the remainder when 532 is divided by 41.
40
Calculate the remainder when 201 is divided by 73.
55
What is the remainder when 596 is divided by 125?
96
Calculate the remainder when 7 is divided by 4.
3
What is the remainder when 1493 is divided by 68?
65
What is the remainder when 181 is divided by 109?
72
What is the remainder when 91 is divided by 31?
29
What is the remainder when 1070 is divided by 119?
118
What is the remainder when 1665 is divided by 7?
6
Calculate the remainder when 214 is divided by 14.
4
Calculate the remainder when 207 is divided by 35.
32
Calculate the remainder when 1206 is divided by 39.
36
Calculate the remainder when 968 is divided by 6.
2
What is the remainder when 78 is divided by 4?
2
Calculate the remainder when 364 is divided by 73.
72
Calculate the remainder when 626 is divided by 32.
18
Calculate the remainder when 62 is divided by 22.
18
What is the remainder when 9524 is divided by 75?
74
What is the remainder when 860 is divided by 41?
40
Calculate the remainder when 1902 is divided by 630.
12
What is the remainder when 3323 is divided by 26?
21
What is the remainder when 314 is divided by 15?
14
Calculate the remainder when 476 is divided by 93.
11
What is the remainder when 123 is divided by 7?
4
Calculate the remainder when 124 is divided by 41.
1
What is the remainder when 27 is divided by 4?
3
What is the remainder when 1 is divided by 1?
0
What is the remainder when 1587 is divided by 30?
27
What is the remainder when 469 is divided by 14?
7
What is the remainder when 453 is divided by 17?
11
What is the remainder when 382 is divided by 64?
62
Calculate the remainder when 1376 is divided by 10.
6
Calculate the remainder when 874 is divided by 274.
52
Calculate the remainder when 740 is divided by 174.
44
What is the remainder when 4787 is divided by 114?
113
Calculate the remainder when 7787 is divided by 177.
176
What is the remainder when 519 is divided by 129?
3
Calculate the remainder when 266 is divided by 263.
3
What is the remainder when 281 is divided by 48?
41
Calculate the remainder when 107 is divided by 16.
11
What is the remainder when 304 is divided by 101?
1
What is the remainder when 69 is divided by 52?
17
What is the remainder when 1361 is divided by 62?
59
What is the remainder when 118 is divided by 63?
55
Calculate the remainder when 605 is divided by 32.
29
Calculate the remainder when 94 is divided by 5.
4
Calculate the remainder when 124 is divided by 89.
35
Calculate the remainder when 841 is divided by 13.
9
Calculate the remainder when 2962 is divided by 588.
22
What is the remainder when 381 is divided by 293?
88
Calculate the remainder when 1518 is divided by 80.
78
What is the remainder when 349 is divided by 122?
105
Calculate the remainder when 129 is divided by 119.
10
What is the remainder when 83 is divided by 25?
8
Calculate the remainder when 106 is divided by 6.
4
What is the remainder when 481 is divided by 44?
41
What is the remainder when 493 is divided by 55?
53
What is the remainder when 9259 is divided by 103?
92
What is the remainder when 267 is divided by 15?
12
What is the remainder when 601 is divided by 146?
17
Calculate the remainder when 313 is divided by 79.
76
What is the remainder when 26 is divided by 9?
8
What is the remainder when 274 is divided by 59?
38
What is the remainder when 513 is divided by 74?
69
What is the remainder when 249 is divided by 10?
9
Calculate the remainder when 259 is divided by 76.
31
What is the remainder when 439 is divided by 65?
49
Calculate the remainder when 166 is divided by 14.
12
Calculate the remainder when 1313 is divided by 389.
146
What is the remainder when 33637 is divided by 8?
5
What is the remainder when 89 is divided by 27?
8
What is the remainder when 154 is divided by 82?
72
What is the remainder when 179 is divided by 13?
10
Calculate the remainder when 1877 is divided by 10.
7
Calculate the remainder when 1815 is divided by 301.
9
What is the remainder when 1116 is divided by 194?
146
Calculate the remainder when 527 is divided by 11.
10
Calculate the remainder when 377 is divided by 127.
123
Calculate the remainder when 1293 is divided by 36.
33
Calculate the remainder when 510 is divided by 9.
6
Calculate the remainder when 1830 is divided by 456.
6
What is the remainder when 344 is divided by 23?
22
Calculate the remainder when 104 is divided by 35.
34
Calculate the remainder when 1211 is divided by 9.
5
What is the remainder when 1015 is divided by 15?
10
What is the remainder when 140 is divided by 25?
15
Calculate the remainder when 272 is divided by 115.
42
What is the remainder when 18688 is divided by 11?
10
What is the remainder when 1062 is divided by 38?
36
What is the remainder when 36 is divided by 25?
11
What is the remainder when 115 is divided by 39?
37
Calculate the remainder when 196 is divided by 54.
34
What is the remainder when 36 is divided by 8?
4
What is the remainder when 396 is divided by 209?
187
What is the remainder when 113 is divided by 13?
9
Calculate the remainder when 304 is divided by 107.
90
Calculate the remainder when 73 is divided by 37.
36
Calculate the remainder when 455 is divided by 238.
217
Calculate the remainder when 16603 is divided by 205.
203
Calculate the remainder when 2778 is divided by 27.
24
Calculate the remainder when 150 is divided by 142.
8
Calculate the remainder when 309 is divided by 301.
8
What is the remainder when 283 is divided by 12?
7
Calculate the remainder when 680 is divided by 76.
72
Calculate the rem